
-28057
In base 2, what is 110000001100010 + -100110?
110000000111100
In base 11, what is -728936 - -5?
-728931
In base 9, what is 4413570 - 2?
4413567
In base 8, what is -17234 + -74?
-17330
In base 10, what is -843 - -696?
-147
In base 16, what is -27 - 9056?
-907d
In base 15, what is -1 + -23c79?
-23c7a
In base 13, what is -2 - -874?
872
In base 14, what is -168 + -91?
-219
In base 8, what is -117 + -611?
-730
In base 5, what is 2 - 224421?
-224414
In base 15, what is 1550 + -20?
1530
In base 14, what is 1447a + -2?
14478
In base 12, what is -3816 - -61?
-3775
In base 4, what is 131301230 - 3?
131301221
In base 13, what is -51 - 257?
-2a8
In base 13, what is -18b3 - -c?
-18a4
In base 11, what is -2 + -2a653?
-2a655
In base 7, what is -1361 + 3055?
1364
In base 12, what is b + -1b02?
-1ab3
In base 4, what is 2 + 30122201?
30122203
In base 8, what is -4 + 1454157?
1454153
In base 7, what is 2 + -122254?
-122252
In base 16, what is -22c05 + -4?
-22c09
In base 12, what is -170a5 + -17?
-17100
In base 8, what is 2634 - -47?
2703
In base 7, what is -4236 + 2111?
-2125
In base 8, what is 206 + -55?
131
In base 15, what is -8c + -cc?
-169
In base 8, what is -2 + 334771?
334767
In base 10, what is -221621 - -2?
-221619
In base 4, what is 2210011 + 1?
2210012
In base 14, what is -1901 + -368?
-1c69
In base 8, what is 71324 + 1?
71325
In base 5, what is -434 + 1132?
143
In base 12, what is -3449 + 81?
-3388
In base 6, what is -154 + -104?
-302
In base 3, what is -100001022 + 12?
-100001010
In base 3, what is 1011021122 + 11?
1011021210
In base 4, what is 120013222 - 1?
120013221
In base 6, what is -555 + 5111?
4112
In base 7, what is -33243 - -13?
-33230
In base 11, what is a + -50012?
-50003
In base 11, what is -1 + 568196?
568195
In base 10, what is 35523 + 22?
35545
In base 4, what is 0 + -2232220?
-2232220
In base 9, what is 366 + -1047?
-571
In base 4, what is 3321301 - -300?
3322201
In base 12, what is -2 - 2704?
-2706
In base 9, what is -11684 + 3?
-11681
In base 10, what is 20 + 5195?
5215
In base 2, what is -10110100000110 + -10100?
-10110100011010
In base 14, what is 1c80a3 - 1?
1c80a2
In base 2, what is 10001101 + -10010100100001?
-10010010010100
In base 16, what is d - -1a4f?
1a5c
In base 10, what is -3228 + 140?
-3088
In base 4, what is -22000123 + -3?
-22000132
In base 9, what is -6 - 2688?
-2705
In base 12, what is 12 - -20653?
20665
In base 16, what is a7 + -94?
13
In base 16, what is -4ccae + -2?
-4ccb0
In base 9, what is -5837 - 20?
-5857
In base 10, what is 1699 + -354?
1345
In base 12, what is 2 + -6a27?
-6a25
In base 9, what is 242 - -118?
361
In base 12, what is 14812 + -5?
14809
In base 10, what is 5 + -436237?
-436232
In base 9, what is 2783 + 28?
2822
In base 16, what is -992 + -1?
-993
In base 12, what is -b113 - 3?
-b116
In base 13, what is -4b + -589?
-607
In base 9, what is 56634 - -4?
56638
In base 11, what is -11a6 + 117?
-108a
In base 2, what is -101110001110 + 10101?
-101101111001
In base 3, what is -10022222212 - -102?
-10022222110
In base 4, what is -100 - -313222?
313122
In base 2, what is 110110 - -1100001000?
1100111110
In base 12, what is a73 - 4b?
a24
In base 7, what is -2314 - 250?
-2564
In base 2, what is 1001111 - -100010001001?
100011011000
In base 6, what is 4403050 + -4?
4403042
In base 9, what is -6234 + -158?
-6403
In base 12, what is 15 + 1a73?
1a88
In base 8, what is -11517167 + 3?
-11517164
In base 13, what is -4 - -3254?
3250
In base 4, what is -20222300 - -11?
-20222223
In base 6, what is 0 + 304323?
304323
In base 13, what is -10 - -24b99?
24b89
In base 8, what is 17343 - -67?
17432
In base 6, what is -2253 - -2?
-2251
In base 12, what is -5 - a4bb3?
-a4bb8
In base 4, what is 22 - 3322?
-3300
In base 10, what is 105 + -122?
-17
In base 3, what is 1000211211 - 12?
1000211122
In base 16, what is -12 + 2bcd?
2bbb
In base 11, what is 8 - 9a70?
-9a63
In base 15, what is -5c9ced + 3?
-5c9cea
In base 10, what is -1327 - -2349?
1022
In base 6, what is -105134524 + -2?
-105134530
In base 11, what is -43 - 541?
-584
In base 12, what is -1097 - 23?
-10ba
In base 9, what is -234 - -678?
444
In base 13, what is 163 + -3b0?
-24a
In base 14, what is 547 - -41?
588
In base 2, what is -1 + -10100111000010?
-10100111000011
In base 8, what is -113 - 104746?
-105061
In base 14, what is 987 + -25?
962
In base 6, what is -12 - -51015?
51003
In base 14, what is -8862 + 5?
-885b
In base 10, what is -9960 + -107?
-10067
In base 15, what is 4 - -2de?
2e3
In base 6, what is 210033 + -140?
205453
In base 9, what is 7557 - -113?
7671
In base 3, what is 1102211 + -102?
1102102
In base 15, what is 700 + -3a?
6b5
In base 7, what is 5 - 3235334?
-3235326
In base 10, what is 3686 - 12?
3674
In base 15, what is 23c + -45?
1e7
In base 3, what is 12 - 11111?
-11022
In base 5, what is -1001 - -2102020?
2101014
In base 10, what is -53 + -8317?
-8370
In base 6, what is -4544 + 211?
-4333
In base 11, what is -1942 + -3?
-1945
In base 7, what is 240004 + 1?
240005
In base 15, what is -4 - 83101?
-83105
In base 6, what is -21014 + -311?
-21325
In base 10, what is 5 + -21892?
-21887
In base 14, what is -252b9a - 2?
-252b9c
In base 2, what is 100001110110100010 + -100011?
100001110101111111
In base 3, what is -10 - -21100111110?
21100111100
In base 11, what is aa - -2816?
2915
In base 6, what is -3135 + 1330?
-1405
In base 3, what is -1 - 100200101?
-100200102
In base 16, what is 3 - -3555?
3558
In base 5, what is -14 + -342424?
-342443
In base 14, what is -85691 - 3?
-85694
In base 11, what is -5343 - 72?
-5405
In base 16, what is -1a2d3 + 5?
-1a2ce
In base 12, what is -653 - 73?
-706
In base 15, what is 193b9b - -5?
193ba1
In base 9, what is -78203 - 5?
-78208
In base 15, what is -95 + -ae?
-154
In base 6, what is 2110341 - 1?
2110340
In base 3, what is -10100 - 210000?
-220100
In base 2, what is 10101100001 + 1001000011110?
1011101111111
In base 12, what is 24a - 54?
1b6
In base 3, what is -101120 - 12211022?
-20012212
In base 3, what is 21200210 + -202?
21200001
In base 5, what is 241 + -23413?
-23122
In base 13, what is -11 + 1bc69?
1bc58
In base 6, what is -3 + 304555?
304552
In base 11, what is -1 + 8105?
8104
In base 13, what is 4a8 - -113?
5bb
In base 6, what is -12 + 113220?
113204
In base 14, what is 209 - -713?
91c
In base 6, what is -22104 + 51?
-22013
In base 10, what is 137 + 24?
161
In base 15, what is -87a42 - 5?
-87a47
In base 2, what is -1100010 - 101111?
-10010001
In base 3, what is 1000 + 222111021?
222112021
In base 16, what is -af + -183?
-232
In base 5, what is -2002 - 441340?
-443342
In base 2, what is -11 - -10101010010110?
10101010010011
In base 5, what is -124 + -3430?
-4104
In base 15, what is b47 - 1d7?
960
In base 15, what is 0 - -5a4d7?
5a4d7
In base 10, what is -149 + 204?
55
In base 4, what is -113222023221 - -10?
-113222023211
In base 15, what is 21e7c - -1?
21e7d
In base 14, what is -2 + 36d19?
36d17
In base 3, what is -2 - -110021112211?
110021112202
In base 12, what is 47 - -16861?
168a8
In base 9, what is -3 + 452143?
452140
In base 6, what is -1341 - -522?
-415
In base 7, what is -6 - -1604?
1565
In base 15, what is -16 + 38c99?
38c83
In base 15, what is 89a - -1b?
8b6
In base 4, what is -32 - -232301110?
232301012
In base 6, what is -10 - 10513?
-10523
In base 13, what is 2 - 11c89?
-11c87
In base 12, what is -2a0 - 237?
-517
In base 16, what is 6d8a2f - -5?
6d8a34
In base 8, what is 4 - -23312?
23316
In base 8, what is -115514 + 1?
-115513
In base 4, what is 13 - -2012?
2031
In base 4, what is -10012123 + -3?
-10012132
In base 2, what is 100 - 110010110100100101?
-110010110100100001
In base 9, what is -3 - -18651?
18647
In base 14, what is -13 + 363?
350
In base 8, what is -3 - 2304070?
-2304073
In base 4, what is 132133133 + 10?
132133203
In base 8, what is 32746 - -4?
32752
In base 15, what is -a29e - -1?
-a29d
In base 11, what is 3 + -9097?
-9094
In base 4, what is -2231 - -12301212?
12232321
In base 4, what is -302 - 130300?
-131202
In base 15, what is 12b8 - -13e?
1407
In base 14, what is 66d + -a6?
5a7
In base 12, what is 2437 - 12?
2425
In base 4, what is 1110 + -11203?
-10033
In base 6, what is -242222 + -212?
-242434
In base 13, what is 1c59 + -10?
1c49
In base 3, what is -100201021 - 21